{"id":666,"date":"2024-04-29T11:43:17","date_gmt":"2024-04-29T09:43:17","guid":{"rendered":"https:\/\/go.decathlon.pl\/b\/?page_id=666"},"modified":"2024-10-22T21:39:36","modified_gmt":"2024-10-22T19:39:36","slug":"kursy-wspinaczkowe","status":"publish","type":"page","link":"https:\/\/go.decathlon.pl\/b\/kursy-wspinaczkowe\/","title":{"rendered":"Kursy wspinaczkowe\u00a0"},"content":{"rendered":"","protected":false},"excerpt":{"rendered":"","protected":false},"author":8,"featured_media":0,"parent":0,"menu_order":0,"comment_status":"closed","ping_status":"closed","template":"","meta":{"footnotes":""},"class_list":["post-666","page","type-page","status-publish","hentry"],"acf":[],"yoast_head":"<!-- This site is optimized with the Yoast SEO plugin v21.8 - https:\/\/yoast.com\/wordpress\/plugins\/seo\/ -->\n<title>Kursy wspinaczkowe i ska\u0142kowe<\/title>\n<meta name=\"description\" content=\"Kurs wspinaczkowy z instruktorem to dobra okazja, by pozna\u0107 tajniki wspinaczki. Kurs wspinaczki skalnej i podstawowej. Wspinaj si\u0119 z Decathlon Go.\" \/>\n<meta name=\"robots\" content=\"index, follow, max-snippet:-1, max-image-preview:large, max-video-preview:-1\" \/>\n<link rel=\"canonical\" href=\"https:\/\/go.decathlon.pl\/b\/kursy-wspinaczkowe\/\" \/>\n<meta property=\"og:locale\" content=\"pl_PL\" \/>\n<meta property=\"og:type\" content=\"article\" \/>\n<meta property=\"og:title\" content=\"Kursy wspinaczkowe i ska\u0142kowe\" \/>\n<meta property=\"og:description\" content=\"Kurs wspinaczkowy z instruktorem to dobra okazja, by pozna\u0107 tajniki wspinaczki. Kurs wspinaczki skalnej i podstawowej. Wspinaj si\u0119 z Decathlon Go.\" \/>\n<meta property=\"og:url\" content=\"https:\/\/go.decathlon.pl\/b\/kursy-wspinaczkowe\/\" \/>\n<meta property=\"og:site_name\" content=\"Decathlon GO\" \/>\n<meta property=\"article:modified_time\" content=\"2024-10-22T19:39:36+00:00\" \/>\n<meta name=\"twitter:card\" content=\"summary_large_image\" \/>\n<script type=\"application\/ld+json\" class=\"yoast-schema-graph\">{\"@context\":\"https:\/\/schema.org\",\"@graph\":[{\"@type\":\"WebPage\",\"@id\":\"https:\/\/go.decathlon.pl\/b\/kursy-wspinaczkowe\/\",\"url\":\"https:\/\/go.decathlon.pl\/b\/kursy-wspinaczkowe\/\",\"name\":\"Kursy wspinaczkowe i ska\u0142kowe\",\"isPartOf\":{\"@id\":\"https:\/\/go.decathlon.pl\/b\/#website\"},\"datePublished\":\"2024-04-29T09:43:17+00:00\",\"dateModified\":\"2024-10-22T19:39:36+00:00\",\"description\":\"Kurs wspinaczkowy z instruktorem to dobra okazja, by pozna\u0107 tajniki wspinaczki. Kurs wspinaczki skalnej i podstawowej. Wspinaj si\u0119 z Decathlon Go.\",\"breadcrumb\":{\"@id\":\"https:\/\/go.decathlon.pl\/b\/kursy-wspinaczkowe\/#breadcrumb\"},\"inLanguage\":\"pl-PL\",\"potentialAction\":[{\"@type\":\"ReadAction\",\"target\":[\"https:\/\/go.decathlon.pl\/b\/kursy-wspinaczkowe\/\"]}]},{\"@type\":\"BreadcrumbList\",\"@id\":\"https:\/\/go.decathlon.pl\/b\/kursy-wspinaczkowe\/#breadcrumb\",\"itemListElement\":[{\"@type\":\"ListItem\",\"position\":1,\"name\":\"Strona g\u0142\u00f3wna\",\"item\":\"https:\/\/go.decathlon.pl\/b\/\"},{\"@type\":\"ListItem\",\"position\":2,\"name\":\"Kursy wspinaczkowe\u00a0\"}]},{\"@type\":\"WebSite\",\"@id\":\"https:\/\/go.decathlon.pl\/b\/#website\",\"url\":\"https:\/\/go.decathlon.pl\/b\/\",\"name\":\"Decathlon GO\",\"description\":\"\",\"potentialAction\":[{\"@type\":\"SearchAction\",\"target\":{\"@type\":\"EntryPoint\",\"urlTemplate\":\"https:\/\/go.decathlon.pl\/b\/?s={search_term_string}\"},\"query-input\":\"required name=search_term_string\"}],\"inLanguage\":\"pl-PL\"}]}<\/script>\n<!-- \/ Yoast SEO plugin. -->","yoast_head_json":{"title":"Kursy wspinaczkowe i ska\u0142kowe","description":"Kurs wspinaczkowy z instruktorem to dobra okazja, by pozna\u0107 tajniki wspinaczki. Kurs wspinaczki skalnej i podstawowej. Wspinaj si\u0119 z Decathlon Go.","robots":{"index":"index","follow":"follow","max-snippet":"max-snippet:-1","max-image-preview":"max-image-preview:large","max-video-preview":"max-video-preview:-1"},"canonical":"https:\/\/go.decathlon.pl\/b\/kursy-wspinaczkowe\/","og_locale":"pl_PL","og_type":"article","og_title":"Kursy wspinaczkowe i ska\u0142kowe","og_description":"Kurs wspinaczkowy z instruktorem to dobra okazja, by pozna\u0107 tajniki wspinaczki. Kurs wspinaczki skalnej i podstawowej. Wspinaj si\u0119 z Decathlon Go.","og_url":"https:\/\/go.decathlon.pl\/b\/kursy-wspinaczkowe\/","og_site_name":"Decathlon GO","article_modified_time":"2024-10-22T19:39:36+00:00","twitter_card":"summary_large_image","schema":{"@context":"https:\/\/schema.org","@graph":[{"@type":"WebPage","@id":"https:\/\/go.decathlon.pl\/b\/kursy-wspinaczkowe\/","url":"https:\/\/go.decathlon.pl\/b\/kursy-wspinaczkowe\/","name":"Kursy wspinaczkowe i ska\u0142kowe","isPartOf":{"@id":"https:\/\/go.decathlon.pl\/b\/#website"},"datePublished":"2024-04-29T09:43:17+00:00","dateModified":"2024-10-22T19:39:36+00:00","description":"Kurs wspinaczkowy z instruktorem to dobra okazja, by pozna\u0107 tajniki wspinaczki. Kurs wspinaczki skalnej i podstawowej. Wspinaj si\u0119 z Decathlon Go.","breadcrumb":{"@id":"https:\/\/go.decathlon.pl\/b\/kursy-wspinaczkowe\/#breadcrumb"},"inLanguage":"pl-PL","potentialAction":[{"@type":"ReadAction","target":["https:\/\/go.decathlon.pl\/b\/kursy-wspinaczkowe\/"]}]},{"@type":"BreadcrumbList","@id":"https:\/\/go.decathlon.pl\/b\/kursy-wspinaczkowe\/#breadcrumb","itemListElement":[{"@type":"ListItem","position":1,"name":"Strona g\u0142\u00f3wna","item":"https:\/\/go.decathlon.pl\/b\/"},{"@type":"ListItem","position":2,"name":"Kursy wspinaczkowe\u00a0"}]},{"@type":"WebSite","@id":"https:\/\/go.decathlon.pl\/b\/#website","url":"https:\/\/go.decathlon.pl\/b\/","name":"Decathlon GO","description":"","potentialAction":[{"@type":"SearchAction","target":{"@type":"EntryPoint","urlTemplate":"https:\/\/go.decathlon.pl\/b\/?s={search_term_string}"},"query-input":"required name=search_term_string"}],"inLanguage":"pl-PL"}]}},"_links":{"self":[{"href":"https:\/\/go.decathlon.pl\/b\/wp-json\/wp\/v2\/pages\/666","targetHints":{"allow":["GET"]}}],"collection":[{"href":"https:\/\/go.decathlon.pl\/b\/wp-json\/wp\/v2\/pages"}],"about":[{"href":"https:\/\/go.decathlon.pl\/b\/wp-json\/wp\/v2\/types\/page"}],"author":[{"embeddable":true,"href":"https:\/\/go.decathlon.pl\/b\/wp-json\/wp\/v2\/users\/8"}],"replies":[{"embeddable":true,"href":"https:\/\/go.decathlon.pl\/b\/wp-json\/wp\/v2\/comments?post=666"}],"version-history":[{"count":5,"href":"https:\/\/go.decathlon.pl\/b\/wp-json\/wp\/v2\/pages\/666\/revisions"}],"predecessor-version":[{"id":860,"href":"https:\/\/go.decathlon.pl\/b\/wp-json\/wp\/v2\/pages\/666\/revisions\/860"}],"wp:attachment":[{"href":"https:\/\/go.decathlon.pl\/b\/wp-json\/wp\/v2\/media?parent=666"}],"curies":[{"name":"wp","href":"https:\/\/api.w.org\/{rel}","templated":true}]}}