{"id":580,"date":"2024-04-05T13:52:09","date_gmt":"2024-04-05T11:52:09","guid":{"rendered":"https:\/\/go.decathlon.pl\/b\/?page_id=580"},"modified":"2024-10-22T21:49:23","modified_gmt":"2024-10-22T19:49:23","slug":"trening-koszykowki-dzieci","status":"publish","type":"page","link":"https:\/\/go.decathlon.pl\/b\/trening-koszykowki-dzieci\/","title":{"rendered":"Zaj\u0119cia z koszyk\u00f3wki dla dzieci\u00a0"},"content":{"rendered":"","protected":false},"excerpt":{"rendered":"","protected":false},"author":2,"featured_media":0,"parent":0,"menu_order":0,"comment_status":"closed","ping_status":"closed","template":"","meta":{"footnotes":""},"class_list":["post-580","page","type-page","status-publish","hentry"],"acf":[],"yoast_head":"<!-- This site is optimized with the Yoast SEO plugin v21.8 - https:\/\/yoast.com\/wordpress\/plugins\/seo\/ -->\n<title>Trening koszyk\u00f3wki dla dzieci i m\u0142odzie\u017cy<\/title>\n<meta name=\"description\" content=\"Trening koszyk\u00f3wki dla dzieci i m\u0142odzie\u017cy. Zaj\u0119cia dla indywidualnych zawodnik\u00f3w i grup sportowych. Zapisz twoje dziecko do akademii koszyk\u00f3wki.\" \/>\n<meta name=\"robots\" content=\"index, follow, max-snippet:-1, max-image-preview:large, max-video-preview:-1\" \/>\n<link rel=\"canonical\" href=\"https:\/\/go.decathlon.pl\/b\/trening-koszykowki-dzieci\/\" \/>\n<meta property=\"og:locale\" content=\"pl_PL\" \/>\n<meta property=\"og:type\" content=\"article\" \/>\n<meta property=\"og:title\" content=\"Trening koszyk\u00f3wki dla dzieci i m\u0142odzie\u017cy\" \/>\n<meta property=\"og:description\" content=\"Trening koszyk\u00f3wki dla dzieci i m\u0142odzie\u017cy. Zaj\u0119cia dla indywidualnych zawodnik\u00f3w i grup sportowych. Zapisz twoje dziecko do akademii koszyk\u00f3wki.\" \/>\n<meta property=\"og:url\" content=\"https:\/\/go.decathlon.pl\/b\/trening-koszykowki-dzieci\/\" \/>\n<meta property=\"og:site_name\" content=\"Decathlon GO\" \/>\n<meta property=\"article:modified_time\" content=\"2024-10-22T19:49:23+00:00\" \/>\n<meta name=\"twitter:card\" content=\"summary_large_image\" \/>\n<script type=\"application\/ld+json\" class=\"yoast-schema-graph\">{\"@context\":\"https:\/\/schema.org\",\"@graph\":[{\"@type\":\"WebPage\",\"@id\":\"https:\/\/go.decathlon.pl\/b\/trening-koszykowki-dzieci\/\",\"url\":\"https:\/\/go.decathlon.pl\/b\/trening-koszykowki-dzieci\/\",\"name\":\"Trening koszyk\u00f3wki dla dzieci i m\u0142odzie\u017cy\",\"isPartOf\":{\"@id\":\"https:\/\/go.decathlon.pl\/b\/#website\"},\"datePublished\":\"2024-04-05T11:52:09+00:00\",\"dateModified\":\"2024-10-22T19:49:23+00:00\",\"description\":\"Trening koszyk\u00f3wki dla dzieci i m\u0142odzie\u017cy. Zaj\u0119cia dla indywidualnych zawodnik\u00f3w i grup sportowych. Zapisz twoje dziecko do akademii koszyk\u00f3wki.\",\"breadcrumb\":{\"@id\":\"https:\/\/go.decathlon.pl\/b\/trening-koszykowki-dzieci\/#breadcrumb\"},\"inLanguage\":\"pl-PL\",\"potentialAction\":[{\"@type\":\"ReadAction\",\"target\":[\"https:\/\/go.decathlon.pl\/b\/trening-koszykowki-dzieci\/\"]}]},{\"@type\":\"BreadcrumbList\",\"@id\":\"https:\/\/go.decathlon.pl\/b\/trening-koszykowki-dzieci\/#breadcrumb\",\"itemListElement\":[{\"@type\":\"ListItem\",\"position\":1,\"name\":\"Strona g\u0142\u00f3wna\",\"item\":\"https:\/\/go.decathlon.pl\/b\/\"},{\"@type\":\"ListItem\",\"position\":2,\"name\":\"Zaj\u0119cia z koszyk\u00f3wki dla dzieci\u00a0\"}]},{\"@type\":\"WebSite\",\"@id\":\"https:\/\/go.decathlon.pl\/b\/#website\",\"url\":\"https:\/\/go.decathlon.pl\/b\/\",\"name\":\"Decathlon GO\",\"description\":\"\",\"potentialAction\":[{\"@type\":\"SearchAction\",\"target\":{\"@type\":\"EntryPoint\",\"urlTemplate\":\"https:\/\/go.decathlon.pl\/b\/?s={search_term_string}\"},\"query-input\":\"required name=search_term_string\"}],\"inLanguage\":\"pl-PL\"}]}<\/script>\n<!-- \/ Yoast SEO plugin. -->","yoast_head_json":{"title":"Trening koszyk\u00f3wki dla dzieci i m\u0142odzie\u017cy","description":"Trening koszyk\u00f3wki dla dzieci i m\u0142odzie\u017cy. Zaj\u0119cia dla indywidualnych zawodnik\u00f3w i grup sportowych. Zapisz twoje dziecko do akademii koszyk\u00f3wki.","robots":{"index":"index","follow":"follow","max-snippet":"max-snippet:-1","max-image-preview":"max-image-preview:large","max-video-preview":"max-video-preview:-1"},"canonical":"https:\/\/go.decathlon.pl\/b\/trening-koszykowki-dzieci\/","og_locale":"pl_PL","og_type":"article","og_title":"Trening koszyk\u00f3wki dla dzieci i m\u0142odzie\u017cy","og_description":"Trening koszyk\u00f3wki dla dzieci i m\u0142odzie\u017cy. Zaj\u0119cia dla indywidualnych zawodnik\u00f3w i grup sportowych. Zapisz twoje dziecko do akademii koszyk\u00f3wki.","og_url":"https:\/\/go.decathlon.pl\/b\/trening-koszykowki-dzieci\/","og_site_name":"Decathlon GO","article_modified_time":"2024-10-22T19:49:23+00:00","twitter_card":"summary_large_image","schema":{"@context":"https:\/\/schema.org","@graph":[{"@type":"WebPage","@id":"https:\/\/go.decathlon.pl\/b\/trening-koszykowki-dzieci\/","url":"https:\/\/go.decathlon.pl\/b\/trening-koszykowki-dzieci\/","name":"Trening koszyk\u00f3wki dla dzieci i m\u0142odzie\u017cy","isPartOf":{"@id":"https:\/\/go.decathlon.pl\/b\/#website"},"datePublished":"2024-04-05T11:52:09+00:00","dateModified":"2024-10-22T19:49:23+00:00","description":"Trening koszyk\u00f3wki dla dzieci i m\u0142odzie\u017cy. Zaj\u0119cia dla indywidualnych zawodnik\u00f3w i grup sportowych. Zapisz twoje dziecko do akademii koszyk\u00f3wki.","breadcrumb":{"@id":"https:\/\/go.decathlon.pl\/b\/trening-koszykowki-dzieci\/#breadcrumb"},"inLanguage":"pl-PL","potentialAction":[{"@type":"ReadAction","target":["https:\/\/go.decathlon.pl\/b\/trening-koszykowki-dzieci\/"]}]},{"@type":"BreadcrumbList","@id":"https:\/\/go.decathlon.pl\/b\/trening-koszykowki-dzieci\/#breadcrumb","itemListElement":[{"@type":"ListItem","position":1,"name":"Strona g\u0142\u00f3wna","item":"https:\/\/go.decathlon.pl\/b\/"},{"@type":"ListItem","position":2,"name":"Zaj\u0119cia z koszyk\u00f3wki dla dzieci\u00a0"}]},{"@type":"WebSite","@id":"https:\/\/go.decathlon.pl\/b\/#website","url":"https:\/\/go.decathlon.pl\/b\/","name":"Decathlon GO","description":"","potentialAction":[{"@type":"SearchAction","target":{"@type":"EntryPoint","urlTemplate":"https:\/\/go.decathlon.pl\/b\/?s={search_term_string}"},"query-input":"required name=search_term_string"}],"inLanguage":"pl-PL"}]}},"_links":{"self":[{"href":"https:\/\/go.decathlon.pl\/b\/wp-json\/wp\/v2\/pages\/580","targetHints":{"allow":["GET"]}}],"collection":[{"href":"https:\/\/go.decathlon.pl\/b\/wp-json\/wp\/v2\/pages"}],"about":[{"href":"https:\/\/go.decathlon.pl\/b\/wp-json\/wp\/v2\/types\/page"}],"author":[{"embeddable":true,"href":"https:\/\/go.decathlon.pl\/b\/wp-json\/wp\/v2\/users\/2"}],"replies":[{"embeddable":true,"href":"https:\/\/go.decathlon.pl\/b\/wp-json\/wp\/v2\/comments?post=580"}],"version-history":[{"count":3,"href":"https:\/\/go.decathlon.pl\/b\/wp-json\/wp\/v2\/pages\/580\/revisions"}],"predecessor-version":[{"id":880,"href":"https:\/\/go.decathlon.pl\/b\/wp-json\/wp\/v2\/pages\/580\/revisions\/880"}],"wp:attachment":[{"href":"https:\/\/go.decathlon.pl\/b\/wp-json\/wp\/v2\/media?parent=580"}],"curies":[{"name":"wp","href":"https:\/\/api.w.org\/{rel}","templated":true}]}}